24 + 2*v**3/3 - 13*v**2/2 + 11*v. Let j(r) be the first derivative of a(r). Suppose 0 = 2*b - 10. Determine j(b).
-1
Let o(k) = k**3 + 4*k**2 + 4*k + 2. Let d(y) = -y**3 + 3*y**2 + 2*y - 3. Let q be d(3). Suppose -q*r - r = 8. What is o(r)?
2
Suppose 2*s = 3*l + 42, 3*s - 3 = 6. Let y(i) = -i**2 - 13*i - 20. Let c be y(l). Let p(v) = -v**3 - 9*v**2 - 8*v - 12. Determine p(c).
-12
Suppose -3 - 12 = 5*o. Let v(p) be the third derivative of 1/15*p**5 + 2/3*p**3 + 0*p + 1/12*p**4 - p**2 + 1/120*p**6 + 0. Determine v(o).
7
Let x be -2*(650/(-160) + 4). Let k(c) be the third derivative of 0 + 7*c**2 + 1/3*c**3 + 0*c - x*c**4. What is k(-4)?
14
Let c(a) be the second derivative of 1/2*a**2 + 49*a + 2/3*a**3 + 0. Give c(4).
17
Let h(y) = y + 2. Let z(n) = -20*n - 22. Let a(u) = 12*h(u) + z(u). Determine a(1).
-6
Let z(p) be the second derivative of -p**6/120 + p**5/120 - 19*p**4/12 + 2*p. Let m(x) be the third derivative of z(x). Give m(-1).
7
Let m(x) = -17*x - 12*x**2 - 5*x**2 + 5*x**3 + 33 - 34 - 6*x**3. What is m(-16)?
15
Let a = -7 + 6. Let f(g) be the third derivative of -g**4/12 - g**3/6 - 2*g**2 + 231*g. Calculate f(a).
1
Let t = -18 - -23. Let j(a) be the third derivative of a**6/120 - a**5/12 - a**4/24 - 2*a**3/3 - 12*a**2 - 4. Calculate j(t).
-9
Let a(k) = -4*k**2 + 23*k - 6. Let q(x) = 3*x**2 - 18*x + 4. Let l(b) = 4*a(b) + 5*q(b). Determine l(5).
-19
Let x(m) = m**3 - 3*m**2 + 3*m - 1. Let o = 6 - -1. Let h = -9 + o. Let i be (-4)/(h + (3 - 3)). Determine x(i).
1
Let h(k) = -k**3 - 10*k**2 + 15*k + 8. Let x be h(-11). Let c = -35 - x. Let o(f) = -7*f**2. What is o(c)?
-7
Let v(p) be the first derivative of p**3/3 + p**2/2 - 4*p - 116. What is v(-5)?
16
Let r(q) = -2*q. Let m(y) = -3*y - 8. Let j(o) = -m(o) - 2*r(o). Calculate j(7).
57
Let h(c) = -2*c + 5. Let u(o) = -o - 1. Let z(f) = h(f) - u(f). Determine z(9).
-3
Let k(p) be the third derivative of 0 + 0*p - 1/60*p**5 + 7*p**2 - 1/6*p**3 - 1/4*p**4. Give k(-6).
-1
Let v(k) = k - 11. Let n = 38 + -17. Let f(h) = -h**3 + 22*h**2 - 21*h + 8. Let t be f(n). Give v(t).
-3
Suppose -106*v + 6 = -104*v. Let p(q) = -3*q**2 + 5*q - 3. Give p(v).
-15
Let b(f) = -f**2 - 9*f - 5. Let a = -745 - -738. What is b(a)?
9
Let l = 33 - 32. Let r = l + 1. Let q(h) = 5*h - 3*h - 3*h + 5*h**2 - h**3. What is q(r)?
10
Let x(p) = 4*p**2 - 7*p + 4. Let q(n) = 3*n**2 - 8*n + 5. Let k(y) = y + 25. Let g be k(-27). Let o(l) = g*x(l) + 3*q(l). Determine o(9).
-2
Let l(r) be the first derivative of r**4/4 + 5*r**3/3 + r**2/2 - 5*r - 1. Suppose -3*a - 8 - 8 = k, 0 = -a - 4. Determine l(k).
7
Let w(k) = -7*k**2 - 20*k - 11. Let q(t) = t**2 + 2*t + 1. Let g(u) = -6*q(u) - w(u). Give g(-10).
25
Let i(t) = 15 + 9*t + 11*t - t + 7*t**2. Let k(d) = -4*d**2 - 10*d - 8. Let f(p) = 3*i(p) + 5*k(p). Suppose 5*n + 18 = -4*g, g + 10 + 17 = -5*n. What is f(n)?
-1
Let g(i) = -i**3 - 7*i**2 + 9*i + 12. Let c(t) = -4*t + 16. Let a be c(6). Calculate g(a).
4
Let h(a) = a**2 - 2*a. Let x be h(2). Suppose x = -2*k + 3*k. Let i be -2*-1*(1 - k). Let z(g) = g - 2. Calculate z(i).
0
Let f(j) = -6*j + 0*j + j**2 + 4 + 0*j. Let o(z) = z**2 - 7*z + 5. Suppose 2*a + 3*a = 30. Let v(i) = a*f(i) - 5*o(i). Give v(0).
-1
Let u(c) = -c**3 - 4*c**2 + 18*c + 9. Suppose -2*s - 5*w = -3, -2*w + 24 = -11*s + 8*s. What is u(s)?
-27
Let j(s) = -s. Let n(v) = -v**2 - 11*v - 6. Let g(q) = 4*j(q) - n(q). Let d(z) be the first derivative of g(z). Give d(-5).
-3
Let q(k) be the second derivative of k**3/3 - k**2/2 - 2*k - 4709. Let j be 1 + (1 - (-1 - -1)). Suppose -2*w - j + 14 = 0. Determine q(w).
11
Suppose -4 + 8 = i. Let p(x) = -x**3 + x**2 + x + 1. Let t(u) = -3*u**3 - u**2 + 4*u + 3. Let d(q) = i*p(q) - t(q). Give d(5).
1
Suppose 3*o = -5*c - 5, -4*c + 5*o = -2*c + 2. Let h(t) = 41*t + 3. Calculate h(c).
-38
Let g(r) = -r**3 + 2*r**2 + r. Let w = -1061 - -1064. Determine g(w).
-6
Let t(c) = -3*c**2 + 6*c + 4. Let f be t(6). Let v = -65 - f. Let r(h) = -h**2 + 4*h - 1. What is r(v)?
2
Let j(f) = -275*f**3 + 7 + 0*f**2 - 8*f**2 - 6*f + 274*f**3. Calculate j(-7).
0
Let o(u) = 5*u. Let v(b) = 2*b + 3. Let s be v(0). Suppose q = -s*q - 16. Give o(q).
-20
Let u(s) = -66*s**2 - 7*s - 5. Let t(m) = -58*m**2 - 6*m - 4. Let y(d) = 6*t(d) - 5*u(d). Give y(1).
-18
Let b(x) = x**3 - 6*x**2 + 2*x - 2. Let m be b(6). Let j(a) = a - 19. What is j(m)?
-9
Let s(q) = q - 4. Suppose -4*r + 52 = f, 2*r + r - 3*f = 24. Calculate s(r).
8
Let f = -1 - 0. Let y(x) be the first derivative of x**3/3 - x**2/2 - x + 294. What is y(f)?
1
Let l(h) be the first derivative of h**4/4 + 4*h**3 + 6*h**2 - 3*h + 449. Give l(-11).
-14
Let d(q) = -q**3 - 5*q**2 + 4*q - 3. Let c(j) = -2*j**3 - 5*j**2 + 3*j - 2. Let m(f) = -2*c(f) + 3*d(f). Let r be 104/28 + (-4)/(-14). Determine m(r).
3
Let u(w) be the first derivative of -w**4/4 - w**3/3 - 16*w - 51. What is u(0)?
-16
Let c(x) = x + 3. Suppose 914 - 122 = -66*z. Calculate c(z).
-9
Let r(m) = -3*m - 1. Let i(v) = 4*v**2 + 38*v - 9. Let z be i(-10). Let q be (-2)/z - (-84)/(-22). Calculate r(q).
11
Let w(u) = -u**3 - u**2 - 3. Let i(x) = -2*x**3 - 2*x**2 - 3. Let y(s) = -i(s) + 3*w(s). Let q = 2 + -2. What is y(q)?
-6
Let o(h) be the first derivative of h - 31 + 1/3*h**3 + 0*h**2. Determine o(-1).
2
Let d(k) = k**3 - k**2 - 2*k - 4. Let x be d(3). Let g be 15/(-10)*x/(-6). Let q(j) = j - 1. Let p be q(g). Let b(r) = -6*r**2 - r + 1. What is b(p)?
-6
Suppose 0*t = -t. Let f(d) = 4*d - 5. Let p(i) = i. Let a(o) = -f(o) + 3*p(o). What is a(t)?
5
Let n(i) = -i**2 - 5*i + 6. Suppose 202 = -42*x + 370. Determine n(x).
-30
Let b(w) = -24 + 38 - 20 + w**3 + 5 - 4*w**2. Give b(4).
-1
Let k(o) = 2*o**2 - o - 1. Let z be (32/(-24))/(10/15). Determine k(z).
9
Let g(m) = -m**2 - 19*m - 92. Let b be g(-12). Let d(a) = -a**2 - 8*a - 16. Let k(p) = p**2 + 8*p + 15. Let o(z) = -5*d(z) - 6*k(z). Calculate o(b).
-10
Suppose -3*q - 12 = 15. Let b = -6 - q. Let g(d) be the second derivative of -d**5/20 + d**4/6 + d**3/3 - d**2 + d + 27. What is g(b)?
-5
Suppose -2*n = n + 12. Let f(d) = 86 - 159 + 73 + d. Determine f(n).
-4
Let n(u) be the first derivative of -u - 1/2*u**2 - 45. Calculate n(-1).
0
Suppose 2*w + 6 = -0*w, 3*w - 26 = -5*m. Suppose m*j - 8 = 3*j. Suppose j*q - 10 = -0. Let o(k) = k**3 - 5*k**2 + 6. What is o(q)?
6
Let k(x) = -32*x**3 - 14*x + 14*x**3 + 6*x**3 + 13*x**3 - 6*x**2 - 3 + 13*x. Let s = 3 - -3. Calculate k(s).
-9
Let d(s) = s**2 - 2*s. Let i(g) = 5*g**3 - 5*g**2 + 8*g + 1. Let a(f) = -4*d(f) - i(f). Suppose -1 + 3 = 2*t. Calculate a(t).
-5
Let a = -119 - -119. Let b be 84/20 + (-1)/5. Let i(v) = -4*v + 10. Let h(f) = 3*f - 9. Let j(m) = b*i(m) + 5*h(m). Give j(a).
-5
Let a(s) be the first derivative of -s**4/4 - 7*s**3/3 - 7*s**2/2 + s - 193. Calculate a(-6).
7
Let v(c) be the first derivative of -7*c**2 + c - 54. Calculate v(1).
-13
Suppose 9 = -t + k, t - 13 = -3*k - 2. Let x = 6 + t. Let i be (x - 2)/(8/(-4)). Let h(w) = -w**2 + w - 11. Give h(i).
-11
Let r(a) = 6*a**2 - 2 + 57*a**3 + 0*a - 5*a - 58*a**3. Give r(5).
-2
Suppose u = -u + 8, 3*u = 5*n - 98. Let b(q) = -134*q + 0*q**3 + q**3 + 0*q**3 + 133*q + n. Calculate b(0).
22
Let r(n) = -5*n - 3. Let s(y) = 4*y + 2. Let z(d) = 3*r(d) + 4*s(d). Let t be z(2). Let o(l) = 9*l + 2*l + t - 7*l. Determine o(-1).
-3
Let n(l) = -13*l - 13. Let o(q) = -3*q - 3. Let b(z) = 10*z**2 - 1. Let x be b(-1). Let a(f) = x*o(f) - 2*n(f). Let t = 3 + 0. Give a(t).
-4
Let p(q) be the second derivative of q**4/12 - q**3/2 - q**2 - 2*q + 51. Calculate p(3).
-2
Let k(d) be the first derivative of -d**3/6 + 3*d**2 - 6*d + 16. Let x(r) be the first derivative of k(r). Calculate x(3).
3
Let o be (-6)/(-10) + (-85)/(-25) - 25. Let y(s) = s**3 + 22*s**2 + 20*s - 23. Let f be y(o). Let u(g) = 3*g + 3. What is u(f)?
-3
Let d(i) = -i**3 + i**2 + 3*i - 5. Let y(h) = h**3 + 3*h**2 - 5*h - 1. Let v be y(-4). Calculate d(v).
-14
Let t(g) be the first derivative of g**4/4 + g**3/3 - g**2/2 + 6*g + 2. Let x be t(0). Let f(i) = 41 + 11*i + i**2 - 48 + i - 3*i - 2*i**2. Give f(x).
11
Let d(w) = -w**2 + 2*w. Let b(y) = 3*y**2 - 9*y. Let x(a) = 4*b(a) + 18*d(a). Let n be (6 - 3)/((-24)/(-8)). Determine x(n).
-6
Let t(h) be the second derivative of 7*h**3/6 - 7*h**2/2 + 20*h + 3. Calculate t(7).
42
Let g(n) = -2*n + 1. L